{"id":1263,"date":"2023-12-05T10:24:56","date_gmt":"2023-12-05T15:24:56","guid":{"rendered":"https:\/\/giramas.com.co\/Index\/?page_id=1263"},"modified":"2023-12-05T14:55:01","modified_gmt":"2023-12-05T19:55:01","slug":"tarifa-especial","status":"publish","type":"page","link":"https:\/\/giramas.com.co\/Index\/tarifa-especial\/","title":{"rendered":""},"content":{"rendered":"\t\t<div data-elementor-type=\"wp-page\" data-elementor-id=\"1263\" class=\"elementor elementor-1263\" data-elementor-post-type=\"page\">\n\t\t\t\t\t\t<section class=\"elementor-section elementor-top-section elementor-element elementor-element-ef0e5c4 elementor-section-boxed elementor-section-height-default elementor-section-height-default\" data-id=\"ef0e5c4\" data-element_type=\"section\">\n\t\t\t\t\t\t<div class=\"elementor-container elementor-column-gap-default\">\n\t\t\t\t\t<div class=\"elementor-column elementor-col-100 elementor-top-column elementor-element elementor-element-18ef5ad\" data-id=\"18ef5ad\" data-element_type=\"column\">\n\t\t\t<div class=\"elementor-widget-wrap elementor-element-populated\">\n\t\t\t\t\t\t<section class=\"elementor-section elementor-inner-section elementor-element elementor-element-61f18b2 elementor-section-boxed elementor-section-height-default elementor-section-height-default\" data-id=\"61f18b2\" data-element_type=\"section\">\n\t\t\t\t\t\t<div class=\"elementor-container elementor-column-gap-default\">\n\t\t\t\t\t<div class=\"elementor-column elementor-col-50 elementor-inner-column elementor-element elementor-element-a9b979a\" data-id=\"a9b979a\" data-element_type=\"column\">\n\t\t\t<div class=\"elementor-widget-wrap elementor-element-populated\">\n\t\t\t\t\t\t<div class=\"elementor-element elementor-element-dad2e8a elementor-widget elementor-widget-heading\" data-id=\"dad2e8a\" data-element_type=\"widget\" data-widget_type=\"heading.default\">\n\t\t\t\t<div class=\"elementor-widget-container\">\n\t\t\t<h1 class=\"elementor-heading-title elementor-size-default\"><br><br>Giros con tarifa de $2.500 en el D\u00eda de las Velitas<br><br><\/h1>\t\t<\/div>\n\t\t\t\t<\/div>\n\t\t\t\t<div class=\"elementor-element elementor-element-2f695a4 elementor-widget elementor-widget-heading\" data-id=\"2f695a4\" data-element_type=\"widget\" data-widget_type=\"heading.default\">\n\t\t\t\t<div class=\"elementor-widget-container\">\n\t\t\t<p class=\"elementor-heading-title elementor-size-default\">Vigencia<\/p>\t\t<\/div>\n\t\t\t\t<\/div>\n\t\t\t\t<div class=\"elementor-element elementor-element-920d042 elementor-widget elementor-widget-text-editor\" data-id=\"920d042\" data-element_type=\"widget\" data-widget_type=\"text-editor.default\">\n\t\t\t\t<div class=\"elementor-widget-container\">\n\t\t\t\t\t\t\t<p>Del 7 al 8 de diciembre de 2023.<\/p>\t\t\t\t\t\t<\/div>\n\t\t\t\t<\/div>\n\t\t\t\t\t<\/div>\n\t\t<\/div>\n\t\t\t\t<div class=\"elementor-column elementor-col-50 elementor-inner-column elementor-element elementor-element-3fe5fbe\" data-id=\"3fe5fbe\" data-element_type=\"column\">\n\t\t\t<div class=\"elementor-widget-wrap elementor-element-populated\">\n\t\t\t\t\t\t<div class=\"elementor-element elementor-element-80b2a2e elementor-widget elementor-widget-image\" data-id=\"80b2a2e\" data-element_type=\"widget\" data-widget_type=\"image.default\">\n\t\t\t\t<div class=\"elementor-widget-container\">\n\t\t\t\t\t\t\t\t\t\t\t\t\t<img fetchpriority=\"high\" decoding=\"async\" width=\"768\" height=\"1019\" src=\"https:\/\/giramas.com.co\/Index\/wp-content\/uploads\/2023\/12\/Gira-mas-Dia-de-Velitas_Banner-768x1019.jpg\" class=\"attachment-medium_large size-medium_large wp-image-1264\" alt=\"\" srcset=\"https:\/\/giramas.com.co\/Index\/wp-content\/uploads\/2023\/12\/Gira-mas-Dia-de-Velitas_Banner-768x1019.jpg 768w, https:\/\/giramas.com.co\/Index\/wp-content\/uploads\/2023\/12\/Gira-mas-Dia-de-Velitas_Banner-226x300.jpg 226w, https:\/\/giramas.com.co\/Index\/wp-content\/uploads\/2023\/12\/Gira-mas-Dia-de-Velitas_Banner-772x1024.jpg 772w, https:\/\/giramas.com.co\/Index\/wp-content\/uploads\/2023\/12\/Gira-mas-Dia-de-Velitas_Banner-1158x1536.jpg 1158w, https:\/\/giramas.com.co\/Index\/wp-content\/uploads\/2023\/12\/Gira-mas-Dia-de-Velitas_Banner.jpg 1482w\" sizes=\"(max-width: 768px) 100vw, 768px\" \/>\t\t\t\t\t\t\t\t\t\t\t\t\t<\/div>\n\t\t\t\t<\/div>\n\t\t\t\t\t<\/div>\n\t\t<\/div>\n\t\t\t\t\t<\/div>\n\t\t<\/section>\n\t\t\t\t\t<\/div>\n\t\t<\/div>\n\t\t\t\t\t<\/div>\n\t\t<\/section>\n\t\t\t\t<section class=\"elementor-section elementor-top-section elementor-element elementor-element-bee5145 elementor-section-boxed elementor-section-height-default elementor-section-height-default\" data-id=\"bee5145\" data-element_type=\"section\">\n\t\t\t\t\t\t<div class=\"elementor-container elementor-column-gap-default\">\n\t\t\t\t\t<div class=\"elementor-column elementor-col-100 elementor-top-column elementor-element elementor-element-5d74b9b\" data-id=\"5d74b9b\" data-element_type=\"column\">\n\t\t\t<div class=\"elementor-widget-wrap elementor-element-populated\">\n\t\t\t\t\t\t<div class=\"elementor-element elementor-element-b414da4 elementor-widget elementor-widget-heading\" data-id=\"b414da4\" data-element_type=\"widget\" data-widget_type=\"heading.default\">\n\t\t\t\t<div class=\"elementor-widget-container\">\n\t\t\t<p class=\"elementor-heading-title elementor-size-default\">Mec\u00e1nica<\/p>\t\t<\/div>\n\t\t\t\t<\/div>\n\t\t\t\t\t<\/div>\n\t\t<\/div>\n\t\t\t\t\t<\/div>\n\t\t<\/section>\n\t\t\t\t<section class=\"elementor-section elementor-top-section elementor-element elementor-element-3ca72ed elementor-section-boxed elementor-section-height-default elementor-section-height-default\" data-id=\"3ca72ed\" data-element_type=\"section\">\n\t\t\t\t\t\t<div class=\"elementor-container elementor-column-gap-default\">\n\t\t\t\t\t<div class=\"elementor-column elementor-col-100 elementor-top-column elementor-element elementor-element-9c16528\" data-id=\"9c16528\" data-element_type=\"column\">\n\t\t\t<div class=\"elementor-widget-wrap elementor-element-populated\">\n\t\t\t\t\t\t<div class=\"elementor-element elementor-element-d443757 elementor-widget elementor-widget-text-editor\" data-id=\"d443757\" data-element_type=\"widget\" data-widget_type=\"text-editor.default\">\n\t\t\t\t<div class=\"elementor-widget-container\">\n\t\t\t\t\t\t\t<p>Los giros que realices por cualquier canal desde $10.000 hasta $400.000 durante la vigencia de la campa\u00f1a, tendr\u00e1n una tarifa de $2.500.<\/p>\t\t\t\t\t\t<\/div>\n\t\t\t\t<\/div>\n\t\t\t\t<div class=\"elementor-element elementor-element-9014113 elementor-widget elementor-widget-heading\" data-id=\"9014113\" data-element_type=\"widget\" data-widget_type=\"heading.default\">\n\t\t\t\t<div class=\"elementor-widget-container\">\n\t\t\t<p class=\"elementor-heading-title elementor-size-default\">T\u00e9rminos y Condiciones<\/p>\t\t<\/div>\n\t\t\t\t<\/div>\n\t\t\t\t<div class=\"elementor-element elementor-element-f4df187 elementor-widget elementor-widget-text-editor\" data-id=\"f4df187\" data-element_type=\"widget\" data-widget_type=\"text-editor.default\">\n\t\t\t\t<div class=\"elementor-widget-container\">\n\t\t\t\t\t\t\t<p>Aplican los giros emitidos hasta por monto de $400.000. La tarifa es fija de $2.500. Giros emitidos por cualquier canal. Para los giros emitidos mayor a $400.000 la tarifa no es fija y ser\u00e1 la tarifa vigente publicada.<\/p>\t\t\t\t\t\t<\/div>\n\t\t\t\t<\/div>\n\t\t\t\t\t<\/div>\n\t\t<\/div>\n\t\t\t\t\t<\/div>\n\t\t<\/section>\n\t\t\t\t<\/div>\n\t\t","protected":false},"excerpt":{"rendered":"<p>Giros con tarifa de $2.500 en el D\u00eda de las Velitas Vigencia Del 7 al 8 de diciembre de 2023. Mec\u00e1nica Los giros que realices por cualquier canal desde $10.000 hasta $400.000 durante la vigencia de la campa\u00f1a, tendr\u00e1n una tarifa de $2.500. T\u00e9rminos y Condiciones Aplican los giros emitidos hasta por monto de $400.000. [&hellip;]<\/p>\n","protected":false},"author":2,"featured_media":0,"parent":0,"menu_order":0,"comment_status":"closed","ping_status":"closed","template":"","meta":{"footnotes":""},"yoast_head":"<!-- This site is optimized with the Yoast SEO plugin v22.3 - https:\/\/yoast.com\/wordpress\/plugins\/seo\/ -->\r\n<title>- Giramas.com.co<\/title>\r\n<meta name=\"robots\" content=\"index, follow, max-snippet:-1, max-image-preview:large, max-video-preview:-1\" \/>\r\n<link rel=\"canonical\" href=\"https:\/\/giramas.com.co\/Index\/tarifa-especial\/\" \/>\r\n<meta property=\"og:locale\" content=\"es_ES\" \/>\r\n<meta property=\"og:type\" content=\"article\" \/>\r\n<meta property=\"og:title\" content=\"- Giramas.com.co\" \/>\r\n<meta property=\"og:description\" content=\"Giros con tarifa de $2.500 en el D\u00eda de las Velitas Vigencia Del 7 al 8 de diciembre de 2023. Mec\u00e1nica Los giros que realices por cualquier canal desde $10.000 hasta $400.000 durante la vigencia de la campa\u00f1a, tendr\u00e1n una tarifa de $2.500. T\u00e9rminos y Condiciones Aplican los giros emitidos hasta por monto de $400.000. [&hellip;]\" \/>\r\n<meta property=\"og:url\" content=\"https:\/\/giramas.com.co\/Index\/tarifa-especial\/\" \/>\r\n<meta property=\"og:site_name\" content=\"Giramas.com.co\" \/>\r\n<meta property=\"article:modified_time\" content=\"2023-12-05T19:55:01+00:00\" \/>\r\n<meta property=\"og:image\" content=\"https:\/\/giramas.com.co\/Index\/wp-content\/uploads\/2023\/12\/Gira-mas-Dia-de-Velitas_Banner-768x1019.jpg\" \/>\r\n<meta name=\"twitter:card\" content=\"summary_large_image\" \/>\r\n<meta name=\"twitter:label1\" content=\"Tiempo estimado de lectura\" \/>\n\t<meta name=\"twitter:data1\" content=\"1 minuto\" \/>\r\n<script type=\"application\/ld+json\" class=\"yoast-schema-graph\">{\"@context\":\"https:\/\/schema.org\",\"@graph\":[{\"@type\":\"WebPage\",\"@id\":\"https:\/\/giramas.com.co\/Index\/tarifa-especial\/\",\"url\":\"https:\/\/giramas.com.co\/Index\/tarifa-especial\/\",\"name\":\"- Giramas.com.co\",\"isPartOf\":{\"@id\":\"https:\/\/giramas.com.co\/Index\/#website\"},\"primaryImageOfPage\":{\"@id\":\"https:\/\/giramas.com.co\/Index\/tarifa-especial\/#primaryimage\"},\"image\":{\"@id\":\"https:\/\/giramas.com.co\/Index\/tarifa-especial\/#primaryimage\"},\"thumbnailUrl\":\"https:\/\/giramas.com.co\/Index\/wp-content\/uploads\/2023\/12\/Gira-mas-Dia-de-Velitas_Banner-768x1019.jpg\",\"datePublished\":\"2023-12-05T15:24:56+00:00\",\"dateModified\":\"2023-12-05T19:55:01+00:00\",\"inLanguage\":\"es-CO\",\"potentialAction\":[{\"@type\":\"ReadAction\",\"target\":[\"https:\/\/giramas.com.co\/Index\/tarifa-especial\/\"]}]},{\"@type\":\"ImageObject\",\"inLanguage\":\"es-CO\",\"@id\":\"https:\/\/giramas.com.co\/Index\/tarifa-especial\/#primaryimage\",\"url\":\"https:\/\/giramas.com.co\/Index\/wp-content\/uploads\/2023\/12\/Gira-mas-Dia-de-Velitas_Banner.jpg\",\"contentUrl\":\"https:\/\/giramas.com.co\/Index\/wp-content\/uploads\/2023\/12\/Gira-mas-Dia-de-Velitas_Banner.jpg\",\"width\":1482,\"height\":1966},{\"@type\":\"WebSite\",\"@id\":\"https:\/\/giramas.com.co\/Index\/#website\",\"url\":\"https:\/\/giramas.com.co\/Index\/\",\"name\":\"Giramas.com.co\",\"description\":\"Un giro que te acerca a los que quieres\",\"publisher\":{\"@id\":\"https:\/\/giramas.com.co\/Index\/#organization\"},\"potentialAction\":[{\"@type\":\"SearchAction\",\"target\":{\"@type\":\"EntryPoint\",\"urlTemplate\":\"https:\/\/giramas.com.co\/Index\/?s={search_term_string}\"},\"query-input\":\"required name=search_term_string\"}],\"inLanguage\":\"es-CO\"},{\"@type\":\"Organization\",\"@id\":\"https:\/\/giramas.com.co\/Index\/#organization\",\"name\":\"Giramas.com.co\",\"url\":\"https:\/\/giramas.com.co\/Index\/\",\"logo\":{\"@type\":\"ImageObject\",\"inLanguage\":\"es-CO\",\"@id\":\"https:\/\/giramas.com.co\/Index\/#\/schema\/logo\/image\/\",\"url\":\"https:\/\/giramas.com.co\/Index\/wp-content\/uploads\/2020\/01\/cropped-giramas-ind@3x.png\",\"contentUrl\":\"https:\/\/giramas.com.co\/Index\/wp-content\/uploads\/2020\/01\/cropped-giramas-ind@3x.png\",\"width\":384,\"height\":192,\"caption\":\"Giramas.com.co\"},\"image\":{\"@id\":\"https:\/\/giramas.com.co\/Index\/#\/schema\/logo\/image\/\"}}]}<\/script>\r\n<!-- \/ Yoast SEO plugin. -->","yoast_head_json":{"title":"- Giramas.com.co","robots":{"index":"index","follow":"follow","max-snippet":"max-snippet:-1","max-image-preview":"max-image-preview:large","max-video-preview":"max-video-preview:-1"},"canonical":"https:\/\/giramas.com.co\/Index\/tarifa-especial\/","og_locale":"es_ES","og_type":"article","og_title":"- Giramas.com.co","og_description":"Giros con tarifa de $2.500 en el D\u00eda de las Velitas Vigencia Del 7 al 8 de diciembre de 2023. Mec\u00e1nica Los giros que realices por cualquier canal desde $10.000 hasta $400.000 durante la vigencia de la campa\u00f1a, tendr\u00e1n una tarifa de $2.500. T\u00e9rminos y Condiciones Aplican los giros emitidos hasta por monto de $400.000. [&hellip;]","og_url":"https:\/\/giramas.com.co\/Index\/tarifa-especial\/","og_site_name":"Giramas.com.co","article_modified_time":"2023-12-05T19:55:01+00:00","og_image":[{"url":"https:\/\/giramas.com.co\/Index\/wp-content\/uploads\/2023\/12\/Gira-mas-Dia-de-Velitas_Banner-768x1019.jpg"}],"twitter_card":"summary_large_image","twitter_misc":{"Tiempo estimado de lectura":"1 minuto"},"schema":{"@context":"https:\/\/schema.org","@graph":[{"@type":"WebPage","@id":"https:\/\/giramas.com.co\/Index\/tarifa-especial\/","url":"https:\/\/giramas.com.co\/Index\/tarifa-especial\/","name":"- Giramas.com.co","isPartOf":{"@id":"https:\/\/giramas.com.co\/Index\/#website"},"primaryImageOfPage":{"@id":"https:\/\/giramas.com.co\/Index\/tarifa-especial\/#primaryimage"},"image":{"@id":"https:\/\/giramas.com.co\/Index\/tarifa-especial\/#primaryimage"},"thumbnailUrl":"https:\/\/giramas.com.co\/Index\/wp-content\/uploads\/2023\/12\/Gira-mas-Dia-de-Velitas_Banner-768x1019.jpg","datePublished":"2023-12-05T15:24:56+00:00","dateModified":"2023-12-05T19:55:01+00:00","inLanguage":"es-CO","potentialAction":[{"@type":"ReadAction","target":["https:\/\/giramas.com.co\/Index\/tarifa-especial\/"]}]},{"@type":"ImageObject","inLanguage":"es-CO","@id":"https:\/\/giramas.com.co\/Index\/tarifa-especial\/#primaryimage","url":"https:\/\/giramas.com.co\/Index\/wp-content\/uploads\/2023\/12\/Gira-mas-Dia-de-Velitas_Banner.jpg","contentUrl":"https:\/\/giramas.com.co\/Index\/wp-content\/uploads\/2023\/12\/Gira-mas-Dia-de-Velitas_Banner.jpg","width":1482,"height":1966},{"@type":"WebSite","@id":"https:\/\/giramas.com.co\/Index\/#website","url":"https:\/\/giramas.com.co\/Index\/","name":"Giramas.com.co","description":"Un giro que te acerca a los que quieres","publisher":{"@id":"https:\/\/giramas.com.co\/Index\/#organization"},"potentialAction":[{"@type":"SearchAction","target":{"@type":"EntryPoint","urlTemplate":"https:\/\/giramas.com.co\/Index\/?s={search_term_string}"},"query-input":"required name=search_term_string"}],"inLanguage":"es-CO"},{"@type":"Organization","@id":"https:\/\/giramas.com.co\/Index\/#organization","name":"Giramas.com.co","url":"https:\/\/giramas.com.co\/Index\/","logo":{"@type":"ImageObject","inLanguage":"es-CO","@id":"https:\/\/giramas.com.co\/Index\/#\/schema\/logo\/image\/","url":"https:\/\/giramas.com.co\/Index\/wp-content\/uploads\/2020\/01\/cropped-giramas-ind@3x.png","contentUrl":"https:\/\/giramas.com.co\/Index\/wp-content\/uploads\/2020\/01\/cropped-giramas-ind@3x.png","width":384,"height":192,"caption":"Giramas.com.co"},"image":{"@id":"https:\/\/giramas.com.co\/Index\/#\/schema\/logo\/image\/"}}]}},"_links":{"self":[{"href":"https:\/\/giramas.com.co\/Index\/wp-json\/wp\/v2\/pages\/1263"}],"collection":[{"href":"https:\/\/giramas.com.co\/Index\/wp-json\/wp\/v2\/pages"}],"about":[{"href":"https:\/\/giramas.com.co\/Index\/wp-json\/wp\/v2\/types\/page"}],"author":[{"embeddable":true,"href":"https:\/\/giramas.com.co\/Index\/wp-json\/wp\/v2\/users\/2"}],"replies":[{"embeddable":true,"href":"https:\/\/giramas.com.co\/Index\/wp-json\/wp\/v2\/comments?post=1263"}],"version-history":[{"count":13,"href":"https:\/\/giramas.com.co\/Index\/wp-json\/wp\/v2\/pages\/1263\/revisions"}],"predecessor-version":[{"id":1285,"href":"https:\/\/giramas.com.co\/Index\/wp-json\/wp\/v2\/pages\/1263\/revisions\/1285"}],"wp:attachment":[{"href":"https:\/\/giramas.com.co\/Index\/wp-json\/wp\/v2\/media?parent=1263"}],"curies":[{"name":"wp","href":"https:\/\/api.w.org\/{rel}","templated":true}]}}